ppose -3*c = a*c - 230. Let y = 5 + c. What is the highest common divisor of y and 34?
17
Suppose -4*z + 48 = -4*j, 3*z + 2*j = 2*z + 6. Suppose -6 - z = -n. What is the greatest common divisor of n and 4?
4
Let c(q) = 4*q - 9. Suppose -9 = -3*o + 9. Let z be c(o). Calculate the greatest common divisor of 6 and z.
3
Let q(h) = 28*h - 4. Let g be q(-3). Let o be 2/(-11) - 3184/g. Calculate the greatest common divisor of 24 and o.
12
Let f(c) = -33*c**2 - 3*c + 3. Let a be f(2). Let y be a/(-6)*4/2. What is the greatest common divisor of y and 5?
5
Let o = 14 + -15. Let p(v) = 14*v**2 - v - 2. Let r be p(o). What is the greatest common divisor of r and 13?
13
Suppose 6 - 22 = -4*i. Let v be 2/9 + 14/18. Let j = 2 - v. What is the greatest common factor of j and i?
1
Suppose 14*b = 10*b + 32. Calculate the highest common divisor of 24 and b.
8
Suppose 0*r = -r. Suppose r = -0*s + 3*s - 6. Suppose -s*a - 3*a = -220. Calculate the greatest common divisor of a and 11.
11
Suppose 0 = 2*g - 10 - 0, 3*n - 3*g = 15. Suppose o + 5*i = 40, -5*i - 8 = -i. Calculate the greatest common factor of o and n.
10
Let n be (-2 - (-3 + -3)) + 15. Let o be 147 - (3/(-1) - -2). Suppose -3*v = 3*f - 390, 2*f + 5*v = 3*f - o. Calculate the greatest common divisor of n and f.
19
Suppose -3*n = -6*n + 81. Let p = n - 7. Let a be p/(-6)*(-108)/6. Calculate the highest common divisor of a and 12.
12
Suppose 0 = -3*p - 3*g - 69 + 513, -2*p - 4*g + 304 = 0. Let h = 234 - p. Calculate the highest common divisor of 9 and h.
9
Let o(a) = -2*a**3 + 3*a + 141. Let p be o(0). What is the greatest common factor of 47 and p?
47
Let i(x) = 3*x**2 - x**2 + 5 - 2*x**2 + x**2 - 6*x. Let w be -18*2/(-3 + -1). Let c be i(w). What is the highest common divisor of c and 16?
16
Let z(d) = 12*d**2 - 12*d + 21. Let s be z(2). What is the greatest common factor of 10 and s?
5
Let l(n) = 3*n**2 - n - 1. Let z be l(2). Suppose -4*d + 57 = z. What is the greatest common factor of 96 and d?
12
Let x(t) = t**3 + 3*t**2 - 5*t - 4. Let k be x(5). Suppose 3*v = 30 + 27. Calculate the greatest common divisor of v and k.
19
Let d(n) = -n**2 - 16*n + 12. Let l be d(-14). What is the highest common factor of 60 and l?
20
Suppose -5*k - 9 + 14 = 0. Suppose -5*a + k = n - 23, -5*a + 4*n + 29 = 0. Calculate the highest common divisor of a and 35.
5
Suppose 0*s - 3*w = -5*s + 135, 0 = 5*s + w - 115. What is the highest common divisor of s and 168?
24
Let d be 5 + (-5 - (-23 + -1)). What is the highest common divisor of 156 and d?
12
Let v be -1 + (2 - (-9 + (3 - 3))). Let u be 3*(-10)/(-12)*4. Calculate the greatest common divisor of u and v.
10
Suppose 4*o - 4*t + 2*t - 72 = 0, -2*o + 28 = -3*t. What is the greatest common factor of 4 and o?
4
Let t be -1*(-30 - (-3 - -2)). What is the highest common factor of t and 232?
29
Let d be 4/((-6)/3)*-22. Let v = 52 - 20. Let r = v - 21. What is the greatest common factor of d and r?
11
Let q = 22 - 7. Suppose 10 = g + 2*l, g + 0*g - l = 4. Suppose u - 85 = 2*z, u - 5*z + 350 = g*u. Calculate the highest common factor of u and q.
15
Let z(f) = f**3 + 4*f**2 + 5*f + 4. Let m be z(-3). Let j = -2 - m. Suppose j = x + x - 18. What is the greatest common divisor of x and 9?
9
Let i(r) = 3*r - r**2 + 60 - 4*r + 2*r**2. Let x be i(0). Calculate the greatest common divisor of 12 and x.
12
Let w be 418/6 - (-22)/(-33). Let k(f) = 8*f**2 + 2*f - 3. Let q be k(2). Let y = w - q. What is the highest common divisor of 12 and y?
12
Suppose -106 = -3*k - z, 2*z = 2*k - 5*k + 104. Suppose -i + k = -q, -129 = -0*i - 4*i - q. Let v = i + -12. Calculate the highest common divisor of v and 231.
21
Let b be (8 - (3 - 0)) + -3. Calculate the highest common factor of b and 7.
1
Let w = 0 + 5. Suppose v + 6 = 3*t, 2*t + v + 3*v + 10 = 0. Let b be (-2 - 1)/(t/(-5)). Calculate the highest common factor of b and w.
5
Suppose t - 2 = 1. Suppose 3*b + p = t*p + 10, -2*b = -5*p - 14. What is the greatest common divisor of 14 and b?
2
Suppose v - 72 = -2*v. Suppose y - 155 - 109 = 0. What is the highest common factor of y and v?
24
Let h = -3 + 29. Let x be (-4)/(-8) + 207/2. Calculate the highest common divisor of x and h.
26
Let k(g) = 2*g**3 - 3*g**2. Let s be k(2). Suppose -b - d = -5*d - 32, -s*b - 4*d = -48. What is the greatest common divisor of b and 2?
2
Let m = 8 + -10. Let v = 7 - m. What is the greatest common divisor of 18 and v?
9
Let j(q) = -q**2 + 3*q**2 + 3*q - 2*q - 3*q. Let y be j(6). Calculate the greatest common divisor of 12 and y.
12
Let w(s) = s - 13. Let t be w(0). Let l = t - -18. Suppose -l*y = 2*v - 42, -y + 6*y = v + 54. Calculate the highest common divisor of 10 and y.
10
Let k be (-7 + 1)/(-3) - 0. Suppose -k*w = -2 - 8. What is the greatest common factor of w and 5?
5
Let q be (-2 - -3) + 0 - -379. Suppose 8 = -g + 4*p, -5*g - 3*p + 1 + 28 = 0. Suppose g*j = -j + q. Calculate the greatest common factor of j and 19.
19
Let p = -8 - -16. Let j(u) = 10*u + 8. Let g be j(p). Suppose -24 - g = -2*n. What is the highest common factor of n and 8?
8
Suppose t = 25 - 2. Suppose 0 = 5*n - 2*n - 3*p - 54, -4*n - 2*p + 102 = 0. Calculate the greatest common divisor of n and t.
23
Let z = 5 - -14. Suppose -3*i + 931 = 4*i. Calculate the highest common factor of i and z.
19
Let i(r) = -r**3 - 11*r**2 + 4. Let z be i(-11). Let p be (42/4)/((-6)/(-16)). Calculate the highest common divisor of z and p.
4
Let w = 48 - 29. What is the greatest common factor of 76 and w?
19
Let o = -21 + 14. Let p = o + 12. What is the highest common factor of 45 and p?
5
Suppose 42 = -a + 8*a. Let p = 73 - 43. Calculate the highest common divisor of a and p.
6
Suppose 5*g - 12 - 23 = 0. Calculate the highest common divisor of 7 and g.
7
Let s(d) = -1 + d + 2 + 1 + 7*d**3. Let m be s(2). What is the highest common divisor of 10 and m?
10
Let z(t) = t**3 - 7*t**2 + 7*t + 1. Let o be z(6). Let s = -9 - -5. Let i(m) = m**2 + 3*m + 3. Let b be i(s). What is the highest common divisor of o and b?
7
Suppose -p = 8*m - 13*m - 186, -5*p + 882 = -m. Suppose 2*q - 5*y - 28 = -q, 3*y + 4 = q. Calculate the highest common factor of p and q.
16
Let o(y) = 4*y**3 - y**2 - y - 1. Let l = 25 - 12. Suppose -4*x - 3*f + l = -2*f, 2*x - 5*f = -21. Let a be o(x). What is the highest common factor of a and 5?
5
Let k be (-4)/((8/6)/(-2)). Suppose -2*j - 2*y + k = 0, -y - 21 = -2*j - 0*y. Let c be 8/20*(-5)/(-2). Calculate the highest common factor of c and j.
1
Let l = 406 + -263. Calculate the highest common divisor of l and 11.
11
Let q = 28 + -4. Suppose -c + q = 3*c. Calculate the greatest common factor of c and 66.
6
Suppose -46 - 26 = -3*k. Calculate the highest common factor of 12 and k.
12
Let f(v) = -v**2 + 4. Let k be f(0). Let x(n) = 7*n**2 - 6 + 22*n + 2*n**2 - 19*n. Let o be x(k). What is the greatest common divisor of 15 and o?
15
Let c = -41 - -57. Calculate the highest common factor of 16 and c.
16
Suppose 0 = -2*n + 216 - 60. Let a be (390/(-18))/(8/9 + -1). Calculate the greatest common factor of a and n.
39
Let z be (18/8)/((-3)/(-72)). What is the greatest common divisor of 36 and z?
18
Let c(z) = 7*z**2 - 3*z - 2. Let b be c(-2). What is the highest common divisor of 24 and b?
8
Suppose 12*h - 346 + 106 = 0. What is the greatest common divisor of 20 and h?
20
Let z(b) = -b**2 + b - 4. Let d be z(0). Let t = 13 + d. Suppose -5*w = -0*w - 360. Calculate the highest common divisor of t and w.
9
Suppose 3*z = -z. Suppose -3*s + 7 - 73 = z. Let l be ((-4)/(-8))/((-1)/s). What is the greatest common divisor of l and 11?
11
Let q be (-6)/15 - (-524)/10. Let j = 99 - q. Let k = -29 + j. What is the highest common factor of 2 and k?
2
Let w be (3/3)/((-1)/(-17)). Suppose 4*a - 181 = 295. Calculate the highest common factor of a and w.
17
Let z(j) = -j + 19. Let l be z(13). What is the highest common divisor of 54 and l?
6
Suppose -4*k - 4*v + 198 = 58, 5*v = 4*k - 95. What is the highest common factor of k and 6?
6
Let j be (-92)/(-24) + -4 - (-397)/6. Calculate the highest common factor of 44 and j.
22
Let a(k) = -12*k. Let r be a(1). Let q be 6/(-27) - 652/(-18). Let m = q + r. What is the highest common divisor of m and 6?
6
Let j(c) = -c**3 - 4*c**2 - 2*c - 6. Let d be j(-4). Suppose b + 3*l = -d*b +